
Let v(s) = -s. Let u be v(-7). What are the prime factors of 2 - u/((-7)/145)?
3, 7
Let y(l) = -2*l**2 - 3*l + 2*l**2 - 2 + l**2. Suppose -19 = -2*d + 3*n - 6*n, -3*d = -3*n - 6. List the prime factors of y(d).
2
Let v be 116/6 - (-8)/(-6). Suppose -4*i - 28 = -4*a - 4, -2*a = -5*i - v. Suppose -a*n - 207 = -9*n + 4*p, -4*n = 3*p - 147. What are the prime factors of n?
3, 13
Let h = 15 + -12. Let i(v) = -v**3 + 3*v**2 - 3*v - 1. Let y be i(h). Let m(f) = -f - 6. List the prime factors of m(y).
2
List the prime factors of (-2)/(2 - (3 + (-5322)/5334)).
7, 127
Let u be (-7)/(56/4)*-104. Suppose 13 = i - 0*x + 3*x, 0 = 4*x - 12. Suppose -i*n + u = -0*n. List the prime factors of n.
13
Suppose -18*s + 8*s = -30080. List the prime factors of s.
2, 47
Let z = -25 - -31. Suppose -z*l = -323 - 73. List the prime factors of l.
2, 3, 11
Let l(w) = -w**2 - 22*w + 4. Let t(d) = 2*d + 1. Let i be t(-5). Let r be l(i). Let u = r + -82. What are the prime factors of u?
3, 13
Let f(v) = v**2 + v + 3. Suppose 77 = -0*z + 5*z + p, 2*z - 3*p = 24. Suppose -4*o + 7*o = -z. List the prime factors of f(o).
23
Let v(a) = a**3 + 7*a**2 + 7*a + 5. Let k(i) = -i**3 - i**2 - i - 6. Let y be k(0). Let p be v(y). What are the prime factors of 0 + p/(3/(-84))?
2, 7
Suppose -5*d = -248 + 48. Suppose -x + d = -3*a, 3*x - a - 2*a - 126 = 0. List the prime factors of x.
43
Let b be (-2)/(2/(-3) + 0). Suppose 5*h + 32 = 4*i, -5*h = -b*h - 3*i + 17. What are the prime factors of ((-6)/h)/(15/160)?
2
Let p = -23 - -25. Suppose g + p*j = 23, 3*g - 53 + 4 = -j. List the prime factors of g.
3, 5
Suppose 0 = 4*l - 3*a - 883, 2*l = -0*l + a + 439. What are the prime factors of l?
7, 31
Suppose 16*d + 1071 = 23*d. List the prime factors of d.
3, 17
List the prime factors of 18/30 + (-16341)/(-15).
2, 5, 109
Let u be (-21)/(-2) - (-2)/(-4). Let i(d) be the first derivative of -d**4/4 + 4*d**3 - 7*d**2 + d - 107. List the prime factors of i(u).
61
List the prime factors of (41520/320)/(1/4).
3, 173
Let i = -119 - -257. Suppose -4*l - 38 = i. Let c = -28 - l. List the prime factors of c.
2
List the prime factors of (-932)/(-8) - (-9)/6.
2, 59
Suppose 95*q - 88*q = 1631. List the prime factors of q.
233
Let x be 120/10 - (1 + -5). What are the prime factors of x/(-4) - -7*12?
2, 5
Suppose -103*g = -159*g + 91224. List the prime factors of g.
3, 181
Let k be 6*-3*9/(-6). Let q(b) = b**3 + 5*b**2 + 6*b + 4. Let f be q(-4). Let t = f + k. List the prime factors of t.
23
Suppose -2*g + 2234 = 3*d - 4*g, -2960 = -4*d - 2*g. List the prime factors of d.
2, 7, 53
Suppose 0 = -5*n - 8*k + 6*k + 5957, 4769 = 4*n + 5*k. List the prime factors of n.
3, 397
Let v(d) = 2*d**3 + 12*d**2 - d - 1. Let p be v(-5). Suppose 0 = -2*s - 2*s. Suppose 0 = 2*g - s*g - p. What are the prime factors of g?
3
Let l = -2382 - -4733. List the prime factors of l.
2351
Let f = 16 + -18. Let j(v) = -19*v**3 + 2*v**2 + 2*v + 3. Let z be j(f). Suppose -z - 77 = -4*s. List the prime factors of s.
59
Let b(m) = m**2 + 44*m - 27. What are the prime factors of b(18)?
3, 11
Suppose -5*g + d + 2698 = -0*g, -2*g = 3*d - 1086. What are the prime factors of g?
2, 3, 5
Suppose -17*b + 14*b + 8058 = 0. List the prime factors of b.
2, 17, 79
Let u(x) = x**2 + x + 1. Let g(o) = o**2 + 15*o - 10. Let t(p) = g(p) - 2*u(p). Let v(b) = -b**2 - 7*b - 3. Let a be v(-3). List the prime factors of t(a).
2, 3
What are the prime factors of 519823/388 + 1/4?
2, 5, 67
Suppose 2*v + 3*k = v + 113, 5*v + 3*k = 541. Suppose 0 = -6*d + 271 + v. What are the prime factors of d?
3, 7
Let u(j) = -j**3 + 15*j**2 - 6*j + 5. Let w be u(14). Let m = -43 + w. List the prime factors of m.
2, 37
What are the prime factors of (-176682)/(-165) + (-9)/5?
1069
Suppose -4*d + 4*g = -808, 2*g = -10*d + 15*d - 1025. What are the prime factors of d?
3, 23
Let d(u) = u**2 - 14*u + 44. Let z be d(10). Suppose 0 = 3*x - 2*n - 238, 138 = 4*x + z*n - 206. List the prime factors of x.
2, 41
Let q be (-108)/8*(-24)/9. Suppose -z - 38 = q. What are the prime factors of -3 + 3 + -4 - z?
2, 5, 7
Let t(g) = 59*g**2 + 15*g + 10. What are the prime factors of t(5)?
2, 3, 5, 13
Suppose 2*v = -5*y + 7*v + 870, y - 166 = -v. Let b = y - -7. What are the prime factors of b?
3, 59
Suppose 0 = 5*y - m - 655, -m = -3*y + 4*m + 393. List the prime factors of y.
131
Suppose -5*z = -i + 262, i - 250 = -0*i + 2*z. Let h be 182 + (1 + 1 - 2). Suppose -5*o + q = -i, 4*o + 5*q = -0*o + h. What are the prime factors of o?
2, 3
Suppose -51*f + 11370 = -45*f. List the prime factors of f.
5, 379
Suppose 0*r + 2*r - 196 = 2*y, -4*r + 424 = 4*y. What are the prime factors of r?
2, 3, 17
Let m(s) be the second derivative of -s**6/40 + s**4/24 - s**3/3 + 5*s**2/2 - 2*s. Let v(i) be the first derivative of m(i). List the prime factors of v(-2).
2, 5
Let u(w) = 2*w**2 - 2*w + 9. Let i be 4 + (-15)/4 + (-75)/12. What are the prime factors of u(i)?
3, 31
Suppose 208 = -5*b + 21*b. Suppose -100 = b*n - 14*n. What are the prime factors of n?
2, 5
Suppose -1028*r + 1031*r = 396. Suppose v - 12 - 6 = 0. Suppose 6*q = -v + r. What are the prime factors of q?
19
Suppose -44 = 2*s + 116. Let a = -36 - s. Suppose -3*j + a = j. List the prime factors of j.
11
Suppose -37*s + 42*s = 2010. List the prime factors of s.
2, 3, 67
Let b be (-382)/(-2) - (4 + -7). Suppose s + 4*m - b = 0, -8*s + 746 = -4*s + m. List the prime factors of s.
2, 3, 31
Let f be (-68)/(-8) - (-3)/(-6). What are the prime factors of ((-138)/(-8))/(2/f)?
3, 23
Suppose 22*z - 81 = 31*z. Suppose 0 = 2*o - w - 16, -4*o + 6*w - w + 44 = 0. List the prime factors of (o/z)/((-18)/1593).
59
Let i be 4/(4*(-4)/(-32)). Suppose -i*f + 4*f - 16 = 0. What are the prime factors of -1*(f - 3)*1?
7
Suppose 0 = -j - 4*j + 135. Suppose -h + j = -16. List the prime factors of 0 + (-2 - -4) + h.
3, 5
Suppose 5*z - 45 = -0*z. Let l = z + -2. What are the prime factors of ((l - 2)*-1)/(-1)?
5
Let h be 3 + (-72 - 3)/(-5). Let j = h - -125. What are the prime factors of j?
11, 13
Suppose -27*d + 3595 = -22*d + 2*l, 0 = -5*d + 2*l + 3575. What are the prime factors of d?
3, 239
Let u = 2 + 14. Suppose 2*a + 2*y = 110, -60 = -a + 2*y - 4*y. Suppose 3*x = 3*q + 45, -4*x + q + u = -a. What are the prime factors of x?
17
Let j be 2/2*(6 - 9). What are the prime factors of (42/(-10))/(j/15)?
3, 7
Let c(v) = 16*v - 28. Let o be c(11). Let u = -79 + o. What are the prime factors of u?
3, 23
Let o(k) = -56*k + 273. What are the prime factors of o(-7)?
5, 7, 19
Let f be -1 + (1 - 0) + 0. Suppose f = 2*k + k - 15. Suppose 5*t + k*o = 130, -9*t + 4*t + 5*o = -90. What are the prime factors of t?
2, 11
Let k(g) = -59*g + 1. Let w(m) = -60*m + 1. Let i(s) = 5*k(s) - 4*w(s). Let y be i(1). Let r = y - -79. List the prime factors of r.
5
Let t = -714 - -292. Let b = t + 651. What are the prime factors of b?
229
Let a(v) = -7*v + 112. Let q(j) = 3*j - 56. Let k(n) = -4*a(n) - 10*q(n). List the prime factors of k(0).
2, 7
List the prime factors of (-732120)/(-160) + 5/4.
23, 199
Let y(x) = x**3 + 5*x**2 + 3*x - 3. Let f be y(-3). Let i be 1/((f/(-75))/(-2)). Suppose 119 + i = 3*n. List the prime factors of n.
2, 3
Let g = 8 + -6. Suppose -2*j + 3*c + 95 = 0, g*j - 7*c + 2*c - 101 = 0. What are the prime factors of j?
43
Suppose -84*y - 897 + 16521 = 0. List the prime factors of y.
2, 3, 31
Let v(k) = -k**2 + 60*k - 252. What are the prime factors of v(40)?
2, 137
Let f(v) = 26*v - 1. Let l be (2/(-6))/((-5)/(-15)). Let d be f(l). Let c = 17 - d. What are the prime factors of c?
2, 11
Suppose -5*t + 0*t = 50. Let p = t + 13. Suppose p*w - 8*w = -165. What are the prime factors of w?
3, 11
Let t = -1990 - -2278. What are the prime factors of t?
2, 3
Let o(i) = i**2 - 4*i + 3. Let t be o(3). Let r be (2/(-5))/((-2)/70). Suppose -2*u - 3*j = -r, t*u + 2*u - 12 = -4*j. List the prime factors of u.
2, 5
Let s(c) = 20*c + 1. Let y = 15 + -13. What are the prime factors of s(y)?
41
List the prime factors of -2 - (-115)/60 - 34657/(-12).
2, 19
Suppose -3*o + 2384 = f - 4*o, 5 = o. List the prime factors of f.
2389
Let c be ((-24)/(-30))/(1/25). Let u(n) = -3*n + 4*n**2 - 5*n - c - 3*n**2 + 6. List the prime factors of u(10).
2, 3
Let a = 106 + 623. What are the prime factors of a?
3
Let g(b